 g(y) = 2*y + 4. Let v be g(4). What is the greatest common factor of v and k?
4
Let z be 1 - 1 - 17/(-1). Suppose -4*o = -q + z, q - 5*o - 31 + 10 = 0. Calculate the highest common divisor of q and 5.
1
Suppose -21*a + 9 = -20*a. What is the greatest common factor of a and 81?
9
Suppose 0 = -8*f + 3*f + 55. Let q be 15/9 + 2/6. Let l be q/((-392)/198 - -2). What is the greatest common factor of l and f?
11
Let v(d) be the second derivative of 5*d**3/6 + d**2 + d. Let f be v(6). Calculate the highest common factor of f and 48.
16
Suppose -2 = -2*h, -3*j = -h - 2*h - 33. Let x = 21 - 9. What is the greatest common factor of x and j?
12
Let k = 20 + -2. Calculate the greatest common divisor of k and 12.
6
Let k(t) = t**2 - 6*t + 2*t**3 - t**3 - 6 + 4*t**2. Let u be k(-6). Let d be (4/12)/((-2)/u). What is the highest common divisor of 10 and d?
1
Suppose -3*y + 4 = 16, -3*h + 19 = -y. Calculate the highest common divisor of h and 5.
5
Suppose 2 = 2*t - 14. Let h = -4 + t. Suppose -5*b + 19 = 4*y, b + 4*b - 11 = h*y. What is the highest common divisor of 11 and y?
1
Let x(f) be the first derivative of f**3/3 + 7*f**2/2 + 5*f - 1. Suppose 5*u + 18 = -17. Let o be x(u). What is the highest common factor of 2 and o?
1
Let r(w) = -4*w - 12. Let a be r(-13). Let o = 5 + 0. Calculate the highest common divisor of o and a.
5
Let y be 148/((-4)/3*3/(-2)). What is the highest common divisor of 185 and y?
37
Let b = -10 - -14. Suppose 0 = -0*a - a - b*f - 14, 5*a - 15 = -3*f. Calculate the greatest common factor of 30 and a.
6
Let y = 69 + -68. Calculate the greatest common factor of 2 and y.
1
Let j(l) = -l**3 - 14*l**2 - 16*l - 18. Let h be j(-13). What is the highest common factor of h and 105?
21
Let k be -6 - -10 - -2*1. Let g(f) = -f + 9. Let l be g(6). Calculate the highest common factor of l and k.
3
Suppose 0 = q - 5*q + 84. Let b = 213 - 171. What is the greatest common divisor of q and b?
21
Let d(n) = -n**2 - 9*n + 3. Let t be d(-9). Suppose -t*i = 5*v - 16, -3*v + 8*v = 10. Let s be 1 + 1 - 0 - -2. Calculate the highest common factor of i and s.
2
Let j(h) = 17*h**3 - 5*h + 7. Let x be j(3). Calculate the highest common factor of 41 and x.
41
Let g be 66 - (-3 + 1 - 1). Let w = g - -43. Calculate the greatest common factor of w and 14.
14
Suppose -5*d + 28 = 3. Suppose -2*b = -d*b + 36. Calculate the highest common factor of 132 and b.
12
Suppose -u - 14 = u. Let s = u + 13. Let j be 115/6 - 1/s. What is the greatest common divisor of j and 95?
19
Let t be (48/112)/((-1)/(-7)). Let x = 26 - 11. What is the highest common divisor of x and t?
3
Let n(p) = -2*p**2 + 0 + 28*p**3 + 5 - 4. Let f = -13 + 14. Let s be n(f). Calculate the highest common factor of s and 3.
3
Let h be (2/2 - -2)*-1. Let s be h*3*(-6)/27. Suppose q = -s*d + 106, q + 3*q + 62 = d. What is the greatest common factor of 18 and d?
18
Let o(n) = 2*n - 6. Let i be o(9). Let l be (-2)/(-8) + 17/(-4). Let k be l/14 - (-384)/21. What is the highest common factor of i and k?
6
Let i be (-30)/7 + 4/14. Let u(q) = -3*q**3 + q**2 - q + 2*q**3 - 3*q**2. Let h be u(i). What is the greatest common divisor of 24 and h?
12
Let l be (-26)/(-5) - (-18)/(-90). Calculate the greatest common factor of l and 1.
1
Let j be 119 + 1 - (0 + 0). Suppose -5*z - 36 = -8*z. What is the highest common factor of j and z?
12
Let g(r) = r**3 + 5*r**2 + 5*r + 4. Let b be g(-4). Suppose b = -3*x + 9 - 0. Calculate the highest common factor of 3 and x.
3
Suppose 5*k + 11 = -9, 0 = 4*s + k - 128. What is the greatest common factor of 363 and s?
33
Suppose 34*z = 37*z - 42. Calculate the greatest common divisor of z and 154.
14
Let s = 102 - 52. Calculate the greatest common factor of 10 and s.
10
Let t(l) = l**3 + 9*l**2 + 10*l + 17. Let f be t(-8). Calculate the highest common factor of f and 7.
1
Let v = 32 - 21. Suppose 2*q + 41 = v. Let i be 1/3 - 475/q. Calculate the greatest common factor of 8 and i.
8
Suppose k + 4 = -5. Let m be -164*(-2 + k/(-6)). Suppose 16 = 2*u - m. Calculate the greatest common divisor of u and 7.
7
Suppose -3*l + 35 = 2*l. Let b be 35 - 2/6*0. Calculate the greatest common divisor of b and l.
7
Suppose 2*f = -2*f + 8. Let n be f/(-6) - 76/(-12). Calculate the greatest common divisor of 4 and n.
2
Suppose 4*b - 2 = -3*u - 1, 41 = 4*b - 5*u. Suppose 68 = b*s + 4. Suppose 2*w + 4*q = -2*w + 44, 3*q + 23 = 4*w. What is the highest common factor of w and s?
8
Let c be (-80)/6*24/(-16). Calculate the greatest common divisor of c and 30.
10
Let b(p) = 53*p - 2. Let h be b(1). Calculate the greatest common divisor of h and 17.
17
Let q(t) = -t - 2. Let z be q(-5). Suppose d = z*d - 90. Suppose c + 4*c = d. Calculate the highest common factor of 9 and c.
9
Let y be 15/2 + (-2)/4. Calculate the highest common factor of y and 7.
7
Suppose 5*g + b = 123, 5*g - 2*b = 79 + 35. Let k = 84 + -55. Suppose 0 = -0*j + 4*j - 3*u - k, -5*u - 3 = -j. What is the greatest common divisor of j and g?
8
Let k = 214 - 151. Calculate the highest common factor of 14 and k.
7
Suppose -3*c + 7*c = -4*a + 320, 0 = -5*c + a + 388. Calculate the highest common factor of 195 and c.
39
Let k(m) = 8*m**2. Suppose 2*r - 4 = 0, 4 = g - 4*r + 11. Let x be k(g). Calculate the highest common factor of x and 24.
8
Suppose -2 = -3*m + 154. What is the highest common divisor of 13 and m?
13
Suppose 3*f = f + 234. Calculate the highest common divisor of 13 and f.
13
Let k = -190 - -280. What is the highest common factor of k and 9?
9
Let l = 582 - 350. Calculate the highest common divisor of 58 and l.
58
Let f be 4/6 - (-430)/3. Let s be -111*(-11)/77 - 2/(-14). Calculate the greatest common divisor of s and f.
16
Let k = 84 + -44. Let w be 3*1*(-4)/(-3). What is the greatest common divisor of k and w?
4
Let b be (-167)/6 + 6/(-36). Let i = b + 56. Calculate the greatest common factor of 4 and i.
4
Suppose q - 6*q + 20 = 0. Suppose 0 = q*v - 16, -5*v + 141 - 373 = -4*k. What is the highest common divisor of 9 and k?
9
Let q = -258 - -328. Suppose 7*k + 180 = 2*k. Let j = -8 - k. What is the greatest common divisor of q and j?
14
Let d(v) = -v + 9. Let x be d(5). Let w be 78 - (x/2 + -2). What is the greatest common factor of w and 13?
13
Let y = 127 - 65. What is the highest common divisor of 93 and y?
31
Suppose 0 = 5*m + 15 - 25. What is the highest common divisor of 8 and m?
2
Suppose 2*k = -k. Suppose -520 = -k*x - 5*x - 5*a, -3*a = 2*x - 204. What is the greatest common divisor of x and 12?
12
Let o(p) = -1. Let y(t) = -10*t - 1. Let q(i) = -2*o(i) - y(i). Let z be q(-4). Let w = -20 - z. Calculate the greatest common factor of w and 34.
17
Suppose 5*y = -4*a + 635, -5*a + a = 0. Let x = 232 - y. Let h = 195 - x. Calculate the highest common divisor of 10 and h.
10
Suppose 2*o + d + 48 = o, 0 = -o - 4*d - 60. Let p be -3 + o/(-1) + 3. Calculate the highest common divisor of 4 and p.
4
Let y(m) = -m - 12. Let d be y(-8). Let g be 1 + 2/(d/6). Let x be g*((-15)/3)/1. Calculate the greatest common factor of x and 20.
10
Suppose 23*l - 25*l + 96 = 0. Suppose -3*z - 13 = -2*q - 2*z, 0 = -2*z - 2. Calculate the greatest common factor of q and l.
6
Let h(i) = i**2 - 11*i - 8. Let v = 12 + 0. Let y be h(v). Let z = 15 + -11. What is the highest common factor of z and y?
4
Let k be 2/6 - (-148)/6. Calculate the greatest common factor of k and 125.
25
Suppose 3*v = 3*h - 9, -3*h + 6*h - 2*v - 9 = 0. Suppose 153 = h*z - 21. Let j = z + -40. What is the highest common factor of 6 and j?
6
Let b be 2/(-4)*1*2. Let y be -3*b/1 - -1. Calculate the highest common factor of 44 and y.
4
Let m = -6 + 3. Let s be (-6)/2 + 3 - m. Suppose -h + 0 = -2. What is the greatest common factor of s and h?
1
Let m(o) = o**3 + 4*o**2 - 7*o - 2. Let y be m(-5). Let s(r) = r**3 - 9*r**2 + 9*r - 7. Let v be s(y). Calculate the highest common factor of 2 and v.
1
Suppose -4*t - 5 - 51 = 0. Let o = -10 - t. Suppose 0 = -o*v + 15 + 25. What is the greatest common divisor of v and 4?
2
Let m(y) = -4*y - 5 + 5. Let x be m(-2). Let g = 52 + -12. What is the greatest common factor of x and g?
8
Suppose -c + 1 = -2. Let r be 59/c + (-2)/(-6). What is the highest common factor of 8 and r?
4
Let p be 172/16 + (-5)/(-4). Calculate the greatest common factor of 